5. Suppose -5*n + 10*n = -4*l + z, -284 = -3*n - 2*l. Is n a multiple of 15?
False
Suppose -2*h + 538 = -578. Does 9 divide h?
True
Is -1086*3*(-5)/45 a multiple of 32?
False
Suppose 0 = 312*z - 308*z - 436. Is z a multiple of 2?
False
Let k(r) = 10*r + 108. Is k(5) a multiple of 33?
False
Let c(o) = o**3 - 21*o**2 + 21*o - 25. Let d(h) = h**3 - 20*h**2 + 22*h - 24. Let j(l) = -2*c(l) + 3*d(l). Is 20 a factor of j(17)?
False
Let i(a) = -12*a**2 - 5 + 5 - 16*a - a**3 - 9. Is i(-11) a multiple of 6?
False
Suppose v + 0 = 4. Let f be ((-2)/v)/((-3)/(-24)). Is 10 a factor of (42/(-4))/(3/f)?
False
Suppose 0 = -3*k - 0*k - 5*q + 890, -10 = 5*q. Is 12 a factor of k?
True
Let f = -1028 + 1264. Does 7 divide f?
False
Let h = -12 + 54. Let k = h + -30. Suppose -4*o + k = f - 0*f, -o = 0. Does 6 divide f?
True
Let s(u) = 27*u - 7. Let g be s(4). Suppose -6*r + g + 7 = 0. Does 3 divide r?
True
Suppose -2*w = -7*k + 2*k + 4667, 5*w = k - 938. Is k a multiple of 76?
False
Is 13 a factor of 171/15*(-12595)/(-33)?
False
Let n = 1 - 1. Let f = 183 + -178. Suppose -f*m + 107 + 118 = n. Is m a multiple of 15?
True
Suppose f + 235 = -4*f. Let a = f + 80. Does 13 divide a?
False
Let p = 2 - 5. Let w(g) = -2*g**2 - 9*g + 28. Let y(f) = -f**2 - 5*f + 14. Let l(r) = p*w(r) + 7*y(r). Does 3 divide l(-8)?
False
Let u = -338 + 473. Does 27 divide u?
True
Suppose p = 4*h - 0*p - 104, -2*h + 38 = 3*p. Let o be 104/(-10) - 15/h. Let b = 71 + o. Does 15 divide b?
True
Let l = -300 - -448. Does 37 divide l?
True
Suppose 501 = 2*x - g, 3*g + 499 = x + x. Suppose 313 + x = 4*p. Is 27 a factor of p?
False
Let t(a) = 72*a - 215. Is 29 a factor of t(18)?
False
Let j = -47 - -58. Suppose 8*c - j*c = -84. Is c a multiple of 13?
False
Suppose -7*g = -10*g + 30. Suppose -d = g*d - 528. Does 48 divide d?
True
Suppose 10*a - 782 = 9*a + s, 5*s - 3110 = -4*a. Is a a multiple of 26?
True
Let i(a) = 2*a**2 + 2*a - 3. Let b be 6/45 - 73/(-15). Suppose -s = -b*s + 8. Is i(s) a multiple of 9?
True
Let o(v) = 2*v**2 + 40*v + 10. Let b(h) = -2*h**2 - 41*h - 11. Let t(p) = 5*b(p) + 4*o(p). Is t(-18) a multiple of 7?
True
Suppose -6*q = 17 - 401. Let y(v) = -v**3 - 2*v**2 - 2*v - 1. Let h be y(-1). Suppose h*b + q = 2*b. Is 10 a factor of b?
False
Let r = -20 - -56. Suppose -140 = -3*w - 5*k, 2*k + r = w + k. Is w a multiple of 8?
True
Let l(p) = -p**3 + 14*p**2 + 17*p + 14. Suppose 0 = 3*c + 2*c - 75. Is l(c) a multiple of 10?
False
Let s(i) = 55*i. Let z = 0 + 1. Is 10 a factor of s(z)?
False
Let a(d) = d**2 + 93. Let s be a(0). Suppose 4*i - 5*i + s = 0. Let l = i - 55. Is l a multiple of 18?
False
Let a(z) = -z**3 + 9*z**2 - 7*z + 7. Let j = 3 - -3. Let k = j + 2. Is 15 a factor of a(k)?
True
Let x = -1066 - -1797. Is 17 a factor of x?
True
Suppose -20 = -z - 3*z. Suppose z*k + 78 - 213 = 0. Suppose -63 - k = -5*j. Is 6 a factor of j?
True
Suppose 30*g - 29 = g. Suppose -3*j + 2*j = 5, 5*v = j + 5. Is 5 a factor of g + v - (-70)/10?
False
Let p(y) = 7*y**2 - y - 30. Suppose 4*t = 7*t - 18. Is p(t) a multiple of 8?
True
Let j = 2953 + -1937. Does 8 divide j?
True
Suppose -14*z + 17*z - 117 = 0. Let c = z - 36. Is (-82)/c*(8 - 11) a multiple of 14?
False
Suppose 3*j - 11 - 5 = r, -j - 4*r = -27. Suppose -2*c - 225 = -j*c. Is 9 a factor of c?
True
Suppose -3*f = -4*s + 363, -5*s + 276 = -2*s - f. Let x = s + -48. Suppose 132 = 4*q + 4*w, -w + 24 + x = 2*q. Is q a multiple of 5?
False
Let k(p) = 6*p**2 - 2. Let y be k(-1). Suppose -4*z = -5*t - 109, -4*t + 125 = 5*z + t. Suppose -4*o = y*w - z - 22, 44 = 2*w - 3*o. Is w a multiple of 8?
True
Does 68 divide (3 + 11)/((-1)/(-34))?
True
Let g = -17 - 49. Let p = -27 - g. Is p a multiple of 13?
True
Suppose -1 = 5*k + 2*o, -5*k - 5*o = 9 + 1. Let z be -1 - k/((-2)/10). Does 20 divide z*(-10)/1*-1?
True
Let p = 11 + -8. Let f be p*1 + 3 + 0. Does 12 divide 24/10*80/f?
False
Let w = 33 + -31. Let a be (-6 - (1 - w)) + -4. Is 13 a factor of 0/(-3) - 117/a?
True
Let t(s) = s**2 + 30*s + 37. Let p(o) = -3*o**2 - 6*o - 5. Let u be p(-4). Is t(u) a multiple of 3?
False
Let c = -3 + 6. Suppose -5*v + c*z = 273, -5*v - z = 137 + 132. Let a = v + 94. Is a a multiple of 20?
True
Is (-1802)/(-10) - (-3)/(-15) a multiple of 15?
True
Is (-1008)/2*(-2 + 24/(-16)) a multiple of 42?
True
Suppose -228 - 4 = -3*p + 5*s, 0 = 5*s + 25. Is 9 a factor of p?
False
Suppose -l + 15 = 7. Suppose -4*n + 12 = -l. Does 27 divide n/((-30)/(-27))*6?
True
Is -4 + 10/(0 - 6/(-204)) a multiple of 40?
False
Suppose 3690 = 23*u - 11122. Does 23 divide u?
True
Let i(b) = -8*b + 2. Let k be i(1). Let q be (-6)/(((-12)/(-13))/k). Let c = q + -30. Is c even?
False
Let d be (-3)/(-4) - (-47)/(-4). Let l(j) = -12*j + 36. Is l(d) a multiple of 28?
True
Suppose -7*g + 16 - 2 = 0. Suppose 0 = g*b + b - 93. Does 6 divide b?
False
Is (46 - (7 + -8))*7 a multiple of 47?
True
Let h(t) = 6*t + 113. Is 9 a factor of h(35)?
False
Suppose 0 = b - 3*y + 15, 2*b = -3*y - 2 - 1. Let t be 135/b*32/(-5). Suppose -67 = -5*f + 2*x + 100, -x + t = 4*f. Does 11 divide f?
False
Let j(z) = z**3 - 5*z**2 - z + 1. Let g be j(5). Let v(p) = -17*p + 1. Is v(g) a multiple of 8?
False
Let z(t) = -t**2 - 48*t + 71. Does 53 divide z(-32)?
True
Suppose 2*i - 3194 = -4*f, -4*f + 5695 = 4*i - 685. Is i a multiple of 9?
True
Let x = -8 - -8. Is 16 a factor of (73 - x)/(1 - 0/(-4))?
False
Suppose 3*d = d. Suppose -g + 5*g - 812 = d. Is 29 a factor of g?
True
Let n = -5 + 7. Suppose -n*z - 27 = -3*z. Let f = z + -15. Does 5 divide f?
False
Let m(i) = i**2 - i - 10. Let d be m(-5). Suppose b + d = 85. Is b a multiple of 13?
True
Let p = -21 + 26. Suppose 27 = l - 5*t - 92, -p*l + 618 = -2*t. Does 11 divide l?
False
Suppose o + 11 = 3. Is (-36)/o*(-1 + (-1 - -40)) a multiple of 18?
False
Is 77/(69/(-36) + 2) a multiple of 21?
True
Let h(l) = -l**2 - 5*l + 5. Let w be h(-5). Suppose -x = -w*v + x - 19, 5*x - 10 = 0. Does 21 divide 84*(v + (-21)/(-6))?
True
Suppose 0 = -3*f - 9 + 21. Let r(z) = -z**3 - 3*z**2 - 4*z - 2. Let m be r(-2). Suppose -5*c = -m*b + 111, -204 - 99 = -5*b + f*c. Does 21 divide b?
True
Let u = -9 + 15. Suppose -d - u = -4*d. Suppose -4*c + 68 = 4*q, -q + 4*c + 30 = d*q. Is q a multiple of 7?
True
Let z(b) = -2*b - 6. Let u be ((-3 - -4) + -6)/1. Let i be (u - (-4 + 3))*2. Is z(i) a multiple of 10?
True
Suppose 0 = -5*i + i + 424. Suppose -q + 69 = -i. Does 25 divide q?
True
Let t(w) = -w**2 - 3*w + 3. Let h be t(-6). Is -4*((-10)/h)/(4/(-6)) a multiple of 2?
True
Let l = 32 - -73. Does 21 divide l?
True
Let a(l) = -l**3 - 5*l**2 - l - 7. Let s be a(-5). Let z(i) be the first derivative of 4*i**3/3 + 3*i**2/2 + i - 22. Is 5 a factor of z(s)?
False
Let z(l) = l**2 - 2*l + 3. Let s be z(0). Is 16 a factor of 0 + (0 - -43*s)?
False
Suppose 2*d = n + 1170, -5*d - 5*n + 1918 + 1007 = 0. Is d a multiple of 39?
True
Does 6 divide (7 - 3)/((-80)/(-500))?
False
Does 20 divide 2/(-8)*-9*(-29 - -97)?
False
Let j be 1*1/(-1) - -33. Suppose -a + 4*h + 65 = 0, -3*a - h = -78 - 91. Let k = a - j. Is 11 a factor of k?
False
Is 41/(-1)*18*(-9)/27 a multiple of 41?
True
Let f be (-24)/(-5)*(-10)/(-2). Suppose -2*m - f = 4*m. Is 1*(-496)/m + -3 a multiple of 26?
False
Suppose -13*f + 147 = -87. Does 18 divide f?
True
Suppose 3*c = -4*o + 23, -4*o + 2 = c - 3. Suppose 3*h + 12 = c*h. Is (3/h)/(6/140) a multiple of 7?
True
Let w(b) = -b**3 - 4*b**2 + 3*b - 2. Suppose 53 = -5*y + 4*f + 1, 25 = -2*y + 3*f. Let j be ((-3)/2)/((-2)/y). Is 8 a factor of w(j)?
False
Let c(r) = -2*r**3 + 14*r**2 + 33*r - 27. Is 24 a factor of c(-5)?
True
Is 36 a factor of (-1 - -145)/((-164)/(-574))?
True
Let g(y) = -2 + 0 + 6 + 10*y + 0. Let k be g(-4). Is k/(-1 + 1/(-2)) a multiple of 11?
False
Let z(i) = 25*i + 12. Suppose 4*d - 22 + 6 = 0, -4*l + d = -12. Does 28 divide z(l)?
True
Suppose -5*b + 72 = 22. Let f(d) = d**3 - 10*d**2 + 8*d - 35. Does 5 divide f(b)?
True
Let o = -63 - -57. Is (o/4)/(6/(-288)*4) a multiple of 13?
False
Let k = -5795 - -8588. Does 19 divide k?
True
Let r be 2 - (7 + -2 - 214). Let u = r - 33. Is u a multiple of 31?
False
Suppose 30 = 10*i - 0*i. Suppose 0*f = -5*f + 5*s + 130, -18 = -f - i*s. Does 5 divide f?
False
Let o be (-1)/3 + (-232)/(-12). Suppose -171 = 5*z + o. Let y = 82 + z. Does 22 divide y?
True
Suppose 